 20?
20
What is the greatest common factor of 16 and 2872?
8
What is the greatest common divisor of 4632 and 8?
8
What is the greatest common factor of 264 and 726?
66
Calculate the greatest common factor of 8937 and 27.
27
What is the highest common factor of 494 and 26?
26
Calculate the greatest common factor of 243 and 5913.
81
Calculate the highest common divisor of 27 and 1809.
27
Calculate the greatest common factor of 539 and 99.
11
Calculate the highest common factor of 135 and 465.
15
Calculate the greatest common divisor of 54 and 864.
54
Calculate the greatest common factor of 316 and 6478.
158
Calculate the greatest common divisor of 24 and 1424.
8
What is the greatest common factor of 93 and 496?
31
What is the highest common factor of 525 and 28?
7
Calculate the greatest common divisor of 748 and 220.
44
What is the greatest common factor of 345 and 10?
5
What is the highest common divisor of 516 and 312?
12
Calculate the highest common divisor of 1890 and 450.
90
Calculate the greatest common divisor of 14373 and 45.
9
Calculate the greatest common divisor of 4312 and 231.
77
What is the highest common factor of 364 and 8?
4
Calculate the highest common factor of 10 and 85.
5
Calculate the highest common factor of 112 and 3668.
28
Calculate the highest common factor of 935 and 11.
11
What is the highest common divisor of 425 and 323?
17
What is the highest common factor of 1220 and 40?
20
Calculate the highest common divisor of 720 and 560.
80
What is the greatest common factor of 305 and 5?
5
What is the greatest common factor of 5032 and 222?
74
Calculate the greatest common divisor of 22368 and 96.
96
Calculate the greatest common factor of 504 and 1080.
72
Calculate the greatest common divisor of 190 and 285.
95
What is the greatest common factor of 348 and 19256?
116
What is the highest common factor of 2 and 10?
2
What is the highest common factor of 861 and 246?
123
Calculate the highest common factor of 18 and 3420.
18
What is the greatest common factor of 348 and 24?
12
What is the highest common factor of 8 and 2468?
4
Calculate the highest common divisor of 511 and 56.
7
Calculate the highest common factor of 75 and 51825.
75
Calculate the greatest common factor of 564 and 324.
12
What is the greatest common divisor of 33 and 528?
33
Calculate the greatest common divisor of 184 and 8.
8
Calculate the greatest common divisor of 84588 and 14.
14
Calculate the greatest common factor of 4128 and 6.
6
What is the greatest common divisor of 49 and 14?
7
Calculate the highest common factor of 228 and 513.
57
Calculate the highest common divisor of 32 and 96.
32
What is the greatest common divisor of 254 and 2?
2
What is the highest common factor of 260 and 1170?
130
Calculate the greatest common divisor of 280 and 35.
35
Calculate the highest common divisor of 86 and 731.
43
Calculate the highest common divisor of 170 and 70.
10
Calculate the greatest common factor of 2 and 158.
2
What is the greatest common factor of 125 and 8000?
125
Calculate the highest common factor of 932 and 233.
233
What is the highest common factor of 654 and 6322?
218
What is the highest common divisor of 2159 and 34?
17
Calculate the greatest common divisor of 76 and 304.
76
Calculate the greatest common divisor of 378 and 81.
27
Calculate the greatest common factor of 234 and 990.
18
Calculate the greatest common factor of 120 and 285.
15
What is the highest common divisor of 767 and 13?
13
Calculate the highest common divisor of 49 and 161.
7
What is the greatest common divisor of 512 and 4?
4
Calculate the greatest common factor of 2497 and 11.
11
What is the greatest common factor of 760 and 5240?
40
Calculate the greatest common divisor of 64 and 56.
8
Calculate the highest common factor of 94 and 47.
47
What is the highest common factor of 5 and 115?
5
Calculate the highest common divisor of 4887 and 243.
27
What is the greatest common factor of 180 and 240?
60
Calculate the greatest common divisor of 20281 and 51.
17
What is the greatest common factor of 19 and 23?
1
What is the highest common factor of 4 and 780?
4
What is the greatest common factor of 96 and 1592?
8
Calculate the highest common divisor of 3642 and 24.
6
Calculate the greatest common divisor of 5 and 55.
5
Calculate the highest common divisor of 112 and 144.
16
Calculate the greatest common factor of 81 and 28269.
81
Calculate the highest common factor of 1413 and 9.
9
What is the highest common factor of 220 and 15?
5
Calculate the highest common divisor of 630 and 6090.
210
Calculate the greatest common factor of 486 and 216.
54
What is the greatest common factor of 182 and 9737?
91
What is the greatest common factor of 1333 and 559?
43
What is the greatest common factor of 5759 and 26?
13
Calculate the greatest common factor of 459 and 6129.
27
Calculate the highest common factor of 108 and 81.
27
What is the highest common factor of 81 and 945?
27
What is the greatest common divisor of 989 and 43?
43
Calculate the highest common divisor of 34 and 38.
2
Calculate the greatest common factor of 45 and 5.
5
What is the greatest common divisor of 125 and 50?
25
What is the greatest common factor of 64 and 2416?
16
Calculate the highest common factor of 1680 and 20.
20
What is the highest common factor of 800 and 50?
50
What is the greatest common divisor of 54 and 25974?
54
What is the greatest common factor of 2712 and 54?
6
What is the highest common divisor of 36 and 14988?
12
What is the greatest common divisor of 1092 and 77?
7
What is the highest common divisor of 260 and 8?
4
Calculate the greatest common divisor of 5727 and 207.
69
Calculate the greatest common divisor of 6110 and 65.
65
What is the greatest common factor of 56 and 776?
8
What is the highest common factor of 14 and 3402?
14
What is the greatest common factor of 15 and 65?
5
Calculate the highest common divisor of 2879 and 1.
1
What is the highest common factor of 5 and 3985?
5
Calculate the highest common factor of 210 and 70.
70
Calculate the greatest common divisor of 1352 and 2197.
169
What is the highest common divisor of 12 and 848?
4
What is the greatest common factor of 28 and 91?
7
What is the highest common divisor of 476 and 51?
17
Calculate the highest common factor of 228 and 4408.
76
Calculate the greatest common divisor of 1034 and 3572.
94
Calculate the greatest common divisor of 18395 and 65.
65
What is the greatest common factor of 2345 and 175?
35
Calculate the greatest common factor of 692 and 14.
2
Calculate the highest common factor of 1810 and 290.
10
What is the highest common divisor of 45 and 250?
5
What is the greatest common divisor of 51 and 731?
17
Calculate the highest common divisor of 1421 and 98.
49
Calculate the highest common factor of 14 and 170.
2
Calculate the greatest common factor of 23947 and 77.
77
Calculate the greatest common factor of 267 and 3.
3
What is the highest common factor of 34 and 119?
17
What is the highest common divisor of 53 and 1961?
53
What is the greatest common divisor of 539 and 3696?
77
What is the greatest common divisor of 70 and 602?
14
Calculate the greatest common factor of 6 and 6.
6
What is the highest common divisor of 667 and 1403?
23
What is the highest common divisor of 2688 and 42?
42
What is the greatest common divisor of 184 and 3634?
46
What is the greatest common factor of 545 and 20?
5
Calculate the greatest common factor of 33 and 16137.
33
What is the greatest common factor of 113 and 22035?
113
What is the greatest common factor of 10 and 4?
2
What is the greatest common factor of 94 and 1081?
47
What is the greatest common divisor of 33 and 1551?
33
What is the greatest common divisor of 248 and 3007?
31
What is the greatest common factor of 135 and 288?
9
What is the highest common divisor of 364 and 7?
7
What is the highest common factor of 11052 and 36?
36
What is the highest common factor of 36 and 4986?
18
What is the greatest common factor of 50 and 8?
2
Calculate the greatest common divisor of 63 and 2163.
21
What is the greatest common divisor of 86 and 215?
43
Calculate the greatest common factor of 393 and 12.
3
Calculate the highest common divisor of 143 and 44.
11
What is the highest common divisor